0107.
11, 47, 271
What are the prime factors of 40364325?
3, 5, 31, 643
List the prime factors of 2718905.
5, 7, 131, 593
List the prime factors of 7342821.
3, 815869
List the prime factors of 7959199.
7959199
List the prime factors of 19882448.
2, 283, 4391
What are the prime factors of 4179837?
3, 359, 3881
What are the prime factors of 142147?
41, 3467
List the prime factors of 6280459.
97, 64747
What are the prime factors of 954979?
954979
What are the prime factors of 735150?
2, 3, 5, 13, 29
What are the prime factors of 222880?
2, 5, 7, 199
What are the prime factors of 5768610?
2, 3, 5, 17, 11311
List the prime factors of 602647.
602647
List the prime factors of 911191.
23, 173, 229
What are the prime factors of 258842?
2, 17, 23, 331
List the prime factors of 1517518.
2, 37, 20507
What are the prime factors of 8807712?
2, 3, 23, 3989
List the prime factors of 1951620.
2, 3, 5, 11, 2957
List the prime factors of 2439199.
7, 348457
What are the prime factors of 519057?
3, 7, 11, 107
List the prime factors of 259318.
2, 17, 29, 263
What are the prime factors of 155174?
2, 77587
What are the prime factors of 7208028?
2, 3, 22247
List the prime factors of 6066359.
13, 31, 15053
What are the prime factors of 3270166?
2, 19, 47, 1831
What are the prime factors of 402472?
2, 7, 7187
What are the prime factors of 5347873?
19, 67, 4201
What are the prime factors of 2686824?
2, 3, 7, 1777
What are the prime factors of 66993?
3, 137, 163
List the prime factors of 84341.
19, 23, 193
List the prime factors of 320165.
5, 64033
What are the prime factors of 1906538?
2, 743, 1283
What are the prime factors of 359784?
2, 3, 19, 263
What are the prime factors of 30590976?
2, 3, 13, 383
What are the prime factors of 244799?
43, 5693
List the prime factors of 25973131.
41, 15451
What are the prime factors of 18508710?
2, 3, 5, 11, 56087
What are the prime factors of 641192?
2, 80149
What are the prime factors of 11309501?
7, 1615643
What are the prime factors of 11453589?
3, 7, 60601
List the prime factors of 3781850.
2, 5, 43, 1759
List the prime factors of 3644932.
2, 911233
What are the prime factors of 293633?
293633
What are the prime factors of 4561610?
2, 5, 17, 26833
What are the prime factors of 215217?
3, 2657
What are the prime factors of 614095?
5, 122819
What are the prime factors of 881362?
2, 440681
What are the prime factors of 2960613?
3, 101, 3257
What are the prime factors of 603364?
2, 17, 19, 467
What are the prime factors of 973319?
761, 1279
What are the prime factors of 1324026?
2, 3, 11, 743
What are the prime factors of 5646703?
17, 332159
List the prime factors of 5575853.
43, 129671
What are the prime factors of 411518?
2, 205759
What are the prime factors of 3048954?
2, 3, 508159
List the prime factors of 8979160.
2, 5, 37, 6067
List the prime factors of 220775.
5, 8831
List the prime factors of 2361545.
5, 472309
What are the prime factors of 793478?
2, 7, 19, 157
What are the prime factors of 182472?
2, 3, 7603
List the prime factors of 16844126.
2, 13, 647851
List the prime factors of 1024341.
3, 341447
List the prime factors of 1647719.
1647719
List the prime factors of 237209.
7, 47, 103
List the prime factors of 342032.
2, 21377
List the prime factors of 2647238.
2, 11, 10939
What are the prime factors of 1698140?
2, 5, 197, 431
What are the prime factors of 118679?
11, 10789
List the prime factors of 1770234.
2, 3, 295039
What are the prime factors of 20988535?
5, 23, 182509
What are the prime factors of 11639314?
2, 71, 81967
What are the prime factors of 36805550?
2, 5, 736111
List the prime factors of 872506.
2, 436253
List the prime factors of 556782.
2, 3, 71, 1307
List the prime factors of 2229154.
2, 1114577
What are the prime factors of 172971?
3, 19219
List the prime factors of 28710.
2, 3, 5, 11, 29
List the prime factors of 5030910.
2, 3, 5, 6211
What are the prime factors of 835174?
2, 53, 7879
What are the prime factors of 435634?
2, 67, 3251
What are the prime factors of 19872445?
5, 359, 11071
List the prime factors of 73168.
2, 17, 269
What are the prime factors of 2595608?
2, 324451
List the prime factors of 7438.
2, 3719
What are the prime factors of 1123293?
3, 233, 1607
List the prime factors of 11456532.
2, 3, 37, 47, 61
What are the prime factors of 334046?
2, 167023
What are the prime factors of 1568675?
5, 17, 3691
What are the prime factors of 2821196?
2, 7, 19, 5303
What are the prime factors of 370380?
2, 3, 5, 6173
What are the prime factors of 70070?
2, 5, 7, 11, 13
List the prime factors of 126466.
2, 37, 1709
What are the prime factors of 972981?
3, 108109
List the prime factors of 402004.
2, 100501
List the prime factors of 106591.
106591
What are the prime factors of 57549?
3, 19183
List the prime factors of 253583.
11, 23053
What are the prime factors of 46367?
199, 233
What are the prime factors of 1642286?
2, 821143
What are the prime factors of 1257444?
2, 3, 3881
List the prime factors of 4582555.
5, 916511
What are the prime factors of 11527991?
23, 501217
List the prime factors of 351609.
3, 117203
What are the prime factors of 288572?
2, 19, 3797
List the prime factors of 76065.
3, 5, 11, 461
What are the prime factors of 3172157?
1381, 2297
List the prime factors of 1509670.
2, 5, 150967
What are the prime factors of 54431?
13, 53, 79
List the prime factors of 1896247.
1896247
What are the prime factors of 283469?
467, 607
What are the prime factors of 562350?
2, 3, 5, 23, 163
List the prime factors of 33156.
2, 3, 307
What are the prime factors of 1117589?
11, 101599
What are the prime factors of 1260027?
3, 191, 733
List the prime factors of 155222.
2, 77611
List the prime factors of 3099463.
3099463
What are the prime factors of 162134?
2, 7, 37, 313
List the prime factors of 296509.
296509
What are the prime factors of 3780808?
2, 37, 53, 241
List the prime factors of 4976860.
2, 5, 7, 19, 1871
List the prime factors of 791489.
791489
List the prime factors of 10886589.
3, 7, 57601
What are the prime factors of 1766213?
47, 37579
What are the prime factors of 5823470?
2, 5, 229, 2543
What are the prime factors of 534876?
2, 3, 29, 53
What are the prime factors of 967612?
2, 241903
What are the prime factors of 159452?
2, 39863
What are the prime factors of 1142615?
5, 228523
What are the prime factors of 820778?
2, 7, 23, 2549
List the prime factors of 28145187.
3, 7, 191, 2339
List the prime factors of 118435.
5, 23687
List the prime factors of 1461170.
2, 5, 146117
What are the prime factors of 987791?
7, 19, 1061
What are the prime factors of 18570572?
2, 4642643
What are the prime factors of 461738?
2, 19, 29, 419
List the prime factors of 973150.
2, 5, 19463
What are the prime factors of 1853446?
2, 7, 41, 3229
List the prime factors of 213434.
2, 13, 8209
What are the prime factors of 3305419?
13, 251, 1013
List the prime factors of 1044725.
5, 11, 29, 131
List the prime factors of 5399338.
2, 7, 43, 8969
List the prime factors of 63010.
2, 5, 6301
List the prime factors of 153955.
5, 41, 751
What are the prime factors of 1892987?
283, 6689
List the prime factors of 1411821.
3, 103, 1523
What are the prime factors of 854375?
5, 1367
List the prime factors of 70010.
2, 5, 7001
List the prime factors of 1804263.
3, 131, 4591
What are the prime factors of 136791?
3, 15199
What are the prime factors of 4152140?
2, 5, 31, 37, 181
What are the prime factors of 113269?
13, 8713
What are the prime factors of 2150167?
521, 4127
What are the prime factors of 13117726?
2, 569, 11527
List the prime factors of 3624.
2, 3, 151
List the prime factors of 45389.
45389
List the prime factors of 1381568.
2, 21587
List the prime factors of 266633.
266633
What are the prime factors of 4139803?
4139803
What are the prime factors of 187804?
2, 29, 1619
What are the prime factors of 319855?
5, 17, 53, 71
List the prime factors of 2684.
2, 11, 61
What are the prime factors of 322046?
2, 23, 7001
List the prime factors of 540399.
3, 61, 2953
What are the prime factors of 832539?
3, 277513
List the prime factors of 32321991.
3, 13, 73, 11353
What are the prime factors of 1199794?
2, 157, 3821
What are the prime factors of 4210897?
157, 26821
List the prime factors of 842099.
19, 23, 41, 47
L